39
What are the prime factors of 180537978?
2, 3, 30089663
List the prime factors of 136839712.
2, 4276241
List the prime factors of 765047037.
3, 6277, 40627
List the prime factors of 1140384009.
3, 19, 20006737
What are the prime factors of 457524349?
17, 23, 1170139
List the prime factors of 124105559.
17, 429431
List the prime factors of 3498132958.
2, 37, 127, 449, 829
List the prime factors of 96449507.
7, 11, 41, 137, 223
What are the prime factors of 69047468?
2, 7, 151, 2333
List the prime factors of 1320621245.
5, 23, 229, 50147
What are the prime factors of 702593166?
2, 3, 11, 223, 47737
What are the prime factors of 55987643?
31, 107, 16879
List the prime factors of 1279110278.
2, 639555139
List the prime factors of 43286553.
3, 127, 37871
What are the prime factors of 304818574?
2, 152409287
List the prime factors of 61361765.
5, 2699, 4547
List the prime factors of 945749814.
2, 3, 17, 19, 488003
What are the prime factors of 199611491?
47, 4247053
What are the prime factors of 372313430?
2, 5, 17, 2190079
What are the prime factors of 925579854?
2, 3, 51421103
What are the prime factors of 5365041573?
3, 173, 10337267
What are the prime factors of 334669923?
3, 7, 5312221
List the prime factors of 267144795.
3, 5, 139, 42709
What are the prime factors of 1015594334?
2, 443, 593, 1933
List the prime factors of 90674925.
3, 5, 11, 131, 839
What are the prime factors of 75673177?
37, 193, 10597
List the prime factors of 2552407074.
2, 3, 7, 863, 23473
List the prime factors of 2986558021.
113, 197, 134161
What are the prime factors of 1627924764?
2, 3, 263, 379, 1361
List the prime factors of 829934619.
3, 97, 149, 19141
What are the prime factors of 5189970?
2, 3, 5, 172999
List the prime factors of 164513334.
2, 3, 27418889
What are the prime factors of 134838431?
7, 13, 131, 11311
List the prime factors of 934809525.
3, 5, 13, 106531
List the prime factors of 376042984.
2, 19, 2473967
What are the prime factors of 556605953?
556605953
What are the prime factors of 1077498119?
149, 557, 12983
What are the prime factors of 905024344?
2, 7, 29, 557281
List the prime factors of 2520024620.
2, 5, 1733, 72707
List the prime factors of 602190673.
7, 113, 139, 5477
What are the prime factors of 1389507042?
2, 3, 7, 11, 53, 56747
What are the prime factors of 581067329?
19, 30582491
What are the prime factors of 198471455?
5, 7, 13, 31, 14071
List the prime factors of 1041791772.
2, 3, 7, 461, 26903
List the prime factors of 2672653656.
2, 3, 4421, 25189
What are the prime factors of 72962948?
2, 739, 24683
What are the prime factors of 2438193891?
3, 7, 338497
List the prime factors of 1256953474.
2, 7, 19, 4725389
List the prime factors of 3266489268.
2, 3, 7, 547, 2633
What are the prime factors of 1407817911?
3, 31, 488317
What are the prime factors of 206464526?
2, 19, 31, 175267
List the prime factors of 4220288842.
2, 7, 11, 197, 139109
List the prime factors of 102126842.
2, 51063421
What are the prime factors of 765009962?
2, 17, 4049, 5557
List the prime factors of 115194269.
3049, 37781
What are the prime factors of 3202761823?
3202761823
What are the prime factors of 1356335367?
3, 452111789
What are the prime factors of 602033512?
2, 17, 37, 181, 661
List the prime factors of 491773915.
5, 383, 256801
List the prime factors of 112228531.
3847, 29173
List the prime factors of 9599334.
2, 3, 1599889
What are the prime factors of 77440387?
31, 443, 5639
What are the prime factors of 89054374?
2, 647, 68821
What are the prime factors of 53906321?
7, 47, 89, 263
What are the prime factors of 905451070?
2, 5, 6367, 14221
List the prime factors of 35237012.
2, 23, 383011
What are the prime factors of 136746907?
11, 12431537
List the prime factors of 3335949353.
11, 79, 89, 43133
List the prime factors of 116072795.
5, 23214559
List the prime factors of 843544797.
3, 281181599
What are the prime factors of 1775098612?
2, 7, 63396379
List the prime factors of 759268328.
2, 7, 13, 73, 157
What are the prime factors of 318589698?
2, 3, 7, 23, 329803
What are the prime factors of 1658020474?
2, 11, 75364567
What are the prime factors of 2838826763?
2838826763
List the prime factors of 240907102.
2, 17, 137, 51719
List the prime factors of 7374703737.
3, 233, 10550363
What are the prime factors of 223353097?
11, 20304827
List the prime factors of 228738933.
3, 23, 1105019
What are the prime factors of 178024197?
3, 13, 97, 47059
What are the prime factors of 1488403369?
1019, 1460651
What are the prime factors of 255591294?
2, 3, 7, 17, 41, 8731
List the prime factors of 4327081540.
2, 5, 23, 9406699
What are the prime factors of 282539199?
3, 23, 29, 141199
What are the prime factors of 2421922589?
61, 487, 81527
List the prime factors of 95303432.
2, 7, 243121
What are the prime factors of 146027886?
2, 3, 73, 333397
What are the prime factors of 41288350?
2, 5, 83, 9949
List the prime factors of 37847506.
2, 19, 995987
What are the prime factors of 101199453?
3, 17, 19, 181, 577
What are the prime factors of 729571517?
729571517
What are the prime factors of 805185222?
2, 3, 53, 79, 32051
List the prime factors of 1086880700.
2, 5, 67, 162221
List the prime factors of 3400290274.
2, 19, 43, 2080961
What are the prime factors of 2475816565?
5, 19, 29, 898663
What are the prime factors of 2646683330?
2, 5, 71, 3727723
What are the prime factors of 533228716?
2, 151, 439, 2011
What are the prime factors of 110113394?
2, 4363, 12619
List the prime factors of 185519347.
13, 269, 53051
List the prime factors of 2348601604.
2, 457, 1284793
What are the prime factors of 2224222703?
2224222703
What are the prime factors of 15371278?
2, 13, 131, 4513
List the prime factors of 42769321.
7, 6109903
List the prime factors of 58604503.
58604503
What are the prime factors of 1159232672?
2, 13, 2786617
What are the prime factors of 37717171?
23, 37, 41, 47
What are the prime factors of 77641580?
2, 5, 3882079
List the prime factors of 92480604.
2, 3, 7706717
List the prime factors of 96181601.
96181601
What are the prime factors of 4954162258?
2, 19, 2647, 49253
List the prime factors of 8958841.
137, 65393
List the prime factors of 4621105919.
19, 1447, 168083
List the prime factors of 46192957.
3463, 13339
What are the prime factors of 214889280?
2, 3, 5, 223843
List the prime factors of 1010359475.
5, 40414379
What are the prime factors of 3988405743?
3, 7, 189924083
What are the prime factors of 646007371?
23, 28087277
What are the prime factors of 119746946?
2, 11, 17, 320179
List the prime factors of 620270984.
2, 3547, 21859
What are the prime factors of 1596412257?
3, 11, 1949, 24821
What are the prime factors of 1425074865?
3, 5, 53, 1792547
List the prime factors of 712498185.
3, 5, 7, 157, 14407
List the prime factors of 1082213064.
2, 3, 17, 617, 1433
What are the prime factors of 69374684?
2, 17343671
What are the prime factors of 373698274?
2, 186849137
What are the prime factors of 46190461?
1439, 32099
List the prime factors of 618264777.
3, 13, 15852943
List the prime factors of 188147312.
2, 11759207
List the prime factors of 795874669.
17, 46816157
List the prime factors of 974602534.
2, 131, 3719857
What are the prime factors of 303168829?
303168829
List the prime factors of 4844390079.
3, 1614796693
List the prime factors of 556953456.
2, 3, 17, 89, 7669
List the prime factors of 45648700.
2, 5, 479, 953
List the prime factors of 231639589.
97, 2388037
List the prime factors of 684678317.
971, 705127
What are the prime factors of 1245563873?
23, 47, 1152233
What are the prime factors of 23597041?
13, 347, 5231
List the prime factors of 370192473.
3, 7, 5876071
List the prime factors of 87608071.
43, 191, 10667
List the prime factors of 114885112.
2, 14360639
List the prime factors of 60444208.
2, 11, 343433
What are the prime factors of 5925498704?
2, 101, 281, 13049
What are the prime factors of 6359423?
7, 908489
List the prime factors of 2127108404.
2, 109, 1291, 3779
What are the prime factors of 454503162?
2, 3, 75750527
List the prime factors of 36001676.
2, 883, 10193
List the prime factors of 60791474.
2, 2621, 11597
List the prime factors of 222552439.
23, 223, 43391
List the prime factors of 210030593.
1033, 20332